1949, 225079
List the prime factors of 136241532.
2, 3, 7, 47, 11503
List the prime factors of 49793358.
2, 3, 227, 36559
List the prime factors of 118733740.
2, 5, 37, 281, 571
What are the prime factors of 47710041?
3, 17, 263, 3557
List the prime factors of 234337929.
3, 7, 11158949
What are the prime factors of 3588032552?
2, 13, 34500313
List the prime factors of 1571472208.
2, 98217013
What are the prime factors of 488104299?
3, 6025979
What are the prime factors of 30937988?
2, 7734497
What are the prime factors of 299508546?
2, 3, 31, 1259, 1279
List the prime factors of 185560452.
2, 3, 7, 11, 73, 131
List the prime factors of 616294600.
2, 5, 53, 1097
List the prime factors of 18662013.
3, 661, 3137
What are the prime factors of 324617827?
317, 1024031
What are the prime factors of 67412234?
2, 33706117
What are the prime factors of 463959652?
2, 13, 8922301
List the prime factors of 1924161224.
2, 240520153
What are the prime factors of 3892715112?
2, 3, 11, 13, 1134241
List the prime factors of 213216759.
3, 7, 199, 5669
What are the prime factors of 334470633?
3, 7, 67, 89, 2671
What are the prime factors of 359314633?
577, 622729
List the prime factors of 26522481.
3, 157, 56311
List the prime factors of 44763598.
2, 11, 2034709
What are the prime factors of 119837779?
119837779
What are the prime factors of 103442548?
2, 11, 1153, 2039
List the prime factors of 33620919.
3, 11206973
What are the prime factors of 104796318?
2, 3, 11, 73, 21751
What are the prime factors of 64734543?
3, 7192727
List the prime factors of 36319124.
2, 151, 157, 383
List the prime factors of 1475652315.
3, 5, 37, 2658833
What are the prime factors of 3589831645?
5, 131, 199, 27541
List the prime factors of 353266847.
701, 503947
What are the prime factors of 105837073?
71, 1490663
What are the prime factors of 336537809?
11779, 28571
What are the prime factors of 1269778924?
2, 317444731
What are the prime factors of 53839383?
3, 13, 601, 2297
List the prime factors of 41422135.
5, 8284427
What are the prime factors of 438510595?
5, 19, 29, 159169
What are the prime factors of 5012120343?
3, 13513, 123637
List the prime factors of 74877681.
3, 29, 860663
List the prime factors of 3174815573.
3174815573
What are the prime factors of 15432298?
2, 7, 1102307
List the prime factors of 225862563.
3, 41, 101, 18181
What are the prime factors of 75555581?
53, 463, 3079
List the prime factors of 2798849687.
3307, 846341
What are the prime factors of 26492174?
2, 13246087
What are the prime factors of 5453082706?
2, 2726541353
List the prime factors of 77867806.
2, 4871, 7993
What are the prime factors of 3504022982?
2, 1752011491
List the prime factors of 7566563.
23, 328981
List the prime factors of 1489155475.
5, 59566219
List the prime factors of 177975506.
2, 41, 59, 36787
List the prime factors of 139358197.
11, 17, 745231
What are the prime factors of 8041511588?
2, 11, 19, 167, 239, 241
What are the prime factors of 833194652?
2, 101, 113, 18251
List the prime factors of 1268417635.
5, 5417, 46831
List the prime factors of 184906574.
2, 577, 160231
What are the prime factors of 223733840?
2, 5, 11, 29, 797
List the prime factors of 4974365.
5, 11, 149, 607
What are the prime factors of 59650204?
2, 14912551
What are the prime factors of 44079454?
2, 23, 61, 683
List the prime factors of 276418911.
3, 92139637
What are the prime factors of 42520578?
2, 3, 7086763
List the prime factors of 125841226.
2, 7, 8988659
What are the prime factors of 20153146?
2, 13, 775121
What are the prime factors of 196076605?
5, 39215321
List the prime factors of 58116104.
2, 7264513
List the prime factors of 5276373652.
2, 11, 43, 2788781
What are the prime factors of 92906723?
7, 13, 127, 8039
List the prime factors of 501728224.
2, 2389, 6563
List the prime factors of 29895439.
7, 31, 19681
List the prime factors of 563417329.
5009, 112481
List the prime factors of 337850542.
2, 23, 7344577
What are the prime factors of 186512811?
3, 71, 875647
List the prime factors of 1380149847.
3, 331, 17159
List the prime factors of 67433647.
37, 107, 17033
List the prime factors of 55026933.
3, 13, 1410947
What are the prime factors of 84638384?
2, 499, 10601
What are the prime factors of 126114570?
2, 3, 5, 51899
What are the prime factors of 16943093?
53, 319681
List the prime factors of 45636226.
2, 22818113
List the prime factors of 459800159.
7, 13, 388673
List the prime factors of 161096837.
11, 269, 54443
List the prime factors of 1017944601.
3, 67, 5064401
List the prime factors of 3227283292.
2, 163, 30367
List the prime factors of 372131241.
3, 17, 7296691
List the prime factors of 4342055641.
7, 11, 31, 1819043
What are the prime factors of 4674481336?
2, 7, 463, 180287
List the prime factors of 195148979.
163, 541, 2213
What are the prime factors of 31518172?
2, 7, 160807
List the prime factors of 665037.
3, 24631
What are the prime factors of 1845911326?
2, 7, 131850809
What are the prime factors of 246124433?
67, 167, 21997
List the prime factors of 639652048.
2, 7, 5711179
What are the prime factors of 4095868279?
677, 797, 7591
What are the prime factors of 69292216?
2, 7, 127, 9743
What are the prime factors of 624686134?
2, 619, 504593
List the prime factors of 124332783.
3, 809, 51229
List the prime factors of 555237396.
2, 3, 7, 127, 5783
What are the prime factors of 8181153?
3, 19, 47843
What are the prime factors of 22415204?
2, 7, 157, 5099
What are the prime factors of 1964369318?
2, 27407, 35837
What are the prime factors of 94634131?
4273, 22147
List the prime factors of 151144118.
2, 401, 188459
List the prime factors of 33289515.
3, 5, 7, 35227
What are the prime factors of 65634982?
2, 7, 467, 10039
List the prime factors of 24571099.
7, 501451
List the prime factors of 37039877.
7, 5291411
List the prime factors of 2663065698.
2, 3, 179, 2479577
What are the prime factors of 187929151?
2579, 72869
What are the prime factors of 14641089?
3, 439, 11117
What are the prime factors of 184487983?
283, 651901
List the prime factors of 53867158.
2, 26933579
What are the prime factors of 68239390?
2, 5, 23, 296693
What are the prime factors of 48920433?
3, 16306811
List the prime factors of 1206713352.
2, 3, 13, 659, 5869
List the prime factors of 2438550140.
2, 5, 13, 53, 271, 653
What are the prime factors of 479988509?
7, 11, 13, 479509
List the prime factors of 203367982.
2, 19, 811, 6599
List the prime factors of 323045887.
6737, 47951
What are the prime factors of 454448989?
1543, 294523
What are the prime factors of 122361637?
122361637
What are the prime factors of 445935755?
5, 17, 29, 180907
What are the prime factors of 4587766793?
43, 106692251
What are the prime factors of 5458097408?
2, 173, 251, 491
List the prime factors of 1499124463.
29, 107, 179, 2699
What are the prime factors of 820387604?
2, 83, 2471047
List the prime factors of 2223940998.
2, 3, 1951, 189983
What are the prime factors of 2379171979?
79, 30116101
List the prime factors of 661799570.
2, 5, 887, 74611
List the prime factors of 6790014263.
37, 183513899
What are the prime factors of 46701157?
2551, 18307
What are the prime factors of 11889856?
2, 11, 16889
List the prime factors of 946072365.
3, 5, 7, 29, 310697
List the prime factors of 163261487.
163261487
What are the prime factors of 1866254038?
2, 11, 4391, 19319
What are the prime factors of 265334513?
265334513
List the prime factors of 186945677.
186945677
List the prime factors of 1897974.
2, 3, 13, 8111
List the prime factors of 86436007.
7, 17, 181, 4013
What are the prime factors of 1815416509?
103, 3659, 4817
List the prime factors of 1061212192.
2, 33162881
List the prime factors of 69866462.
2, 829, 42139
What are the prime factors of 46197409?
23, 31, 64793
List the prime factors of 499189061.
7, 67, 307, 3467
List the prime factors of 3776756247.
3, 11, 12716351
List the prime factors of 669313405.
5, 31, 59, 73189
List the prime factors of 20292759.
3, 67, 73, 461
What are the prime factors of 533087824?
2, 137, 243197
List the prime factors of 210513876.
2, 3, 3539, 4957
What are the prime factors of 59608004?
2, 73, 204137
What are the prime factors of 4066150554?
2, 3, 59, 241, 15887
List the prim